he highest common factor of 15134 and 1046408.
2162
Calculate the highest common divisor of 59780 and 1274.
98
Calculate the highest common factor of 609000 and 1875.
375
Calculate the greatest common divisor of 416 and 34528.
416
Calculate the highest common factor of 17719 and 1131.
377
What is the highest common divisor of 21 and 1161363?
21
Calculate the greatest common divisor of 125906 and 582.
194
Calculate the highest common divisor of 525405 and 45.
15
Calculate the greatest common divisor of 528 and 64064.
176
Calculate the highest common factor of 40702 and 517.
47
What is the greatest common factor of 167148 and 36?
36
Calculate the highest common divisor of 5074 and 5546.
118
Calculate the highest common factor of 1493 and 1083918.
1493
What is the highest common divisor of 215 and 2486045?
215
What is the greatest common divisor of 145979 and 153?
17
What is the greatest common divisor of 92113 and 7?
7
What is the greatest common factor of 7631 and 4696?
587
What is the highest common divisor of 91 and 22399?
13
Calculate the greatest common factor of 6325 and 35035.
55
What is the highest common factor of 1094625 and 63?
63
What is the greatest common factor of 21918 and 301794?
1686
What is the greatest common factor of 288 and 59208?
24
Calculate the highest common divisor of 20 and 9598520.
20
What is the highest common divisor of 10643 and 9106?
29
What is the greatest common divisor of 4680494 and 28?
14
Calculate the highest common factor of 781 and 264.
11
Calculate the greatest common factor of 221475 and 150.
75
What is the greatest common divisor of 1545 and 195?
15
What is the greatest common factor of 695 and 266185?
695
What is the highest common factor of 660566 and 16?
2
Calculate the greatest common divisor of 489176 and 376.
376
What is the greatest common divisor of 278 and 229906?
278
What is the greatest common divisor of 304 and 4997?
19
What is the highest common divisor of 9107 and 14?
7
Calculate the highest common divisor of 6 and 975003.
3
Calculate the highest common divisor of 8769 and 592.
37
Calculate the highest common factor of 498 and 110307.
249
What is the highest common divisor of 79395 and 73365?
1005
What is the greatest common divisor of 15 and 109665?
15
What is the highest common factor of 10660 and 3731?
533
What is the greatest common factor of 22 and 2182?
2
Calculate the highest common divisor of 1482327 and 9.
9
What is the highest common divisor of 2139 and 736?
23
What is the highest common divisor of 756 and 62694?
54
What is the greatest common divisor of 2080 and 21632?
416
Calculate the highest common divisor of 363 and 558393.
33
What is the greatest common divisor of 581 and 224017?
83
What is the highest common factor of 144 and 150?
6
Calculate the highest common factor of 221 and 4004.
13
What is the highest common divisor of 1548 and 86559?
129
Calculate the greatest common divisor of 2848 and 2944.
32
Calculate the highest common divisor of 264 and 569514.
66
What is the greatest common factor of 1666 and 1802?
34
What is the greatest common factor of 225834 and 13566?
798
Calculate the highest common divisor of 29843 and 1199.
11
What is the highest common factor of 571 and 243?
1
What is the greatest common divisor of 3200 and 6075?
25
What is the greatest common factor of 63 and 64953?
63
What is the highest common factor of 1310 and 5550?
10
What is the greatest common divisor of 528 and 364848?
528
What is the highest common divisor of 9735 and 1100?
55
Calculate the highest common divisor of 1278198 and 18.
18
Calculate the greatest common divisor of 1457 and 893.
47
What is the greatest common factor of 25352 and 32?
8
Calculate the highest common divisor of 4703910 and 15.
15
Calculate the greatest common divisor of 117825 and 150.
75
What is the highest common factor of 4515 and 4935?
105
What is the greatest common factor of 29350 and 800?
50
What is the greatest common divisor of 876392 and 575?
23
What is the greatest common divisor of 16772 and 56?
28
Calculate the greatest common factor of 69 and 37191.
69
What is the highest common factor of 54624 and 96?
96
Calculate the highest common divisor of 92 and 2231.
23
What is the highest common divisor of 19901 and 7?
7
Calculate the greatest common divisor of 725 and 462260.
145
Calculate the greatest common divisor of 28455 and 42818.
271
Calculate the highest common factor of 2313 and 21.
3
What is the greatest common divisor of 1840 and 6629520?
1840
Calculate the highest common factor of 143 and 266717.
11
What is the greatest common divisor of 108 and 9207?
27
What is the highest common divisor of 4 and 834662?
2
Calculate the highest common factor of 583811 and 43.
43
Calculate the highest common factor of 31818 and 1.
1
Calculate the highest common factor of 4786887 and 63.
21
Calculate the greatest common divisor of 1256 and 1080.
8
What is the greatest common divisor of 48 and 167016?
24
Calculate the greatest common factor of 66 and 180246.
66
Calculate the highest common divisor of 1840 and 63848.
184
What is the highest common divisor of 1956656 and 818?
818
What is the highest common factor of 1523432 and 424?
424
Calculate the greatest common factor of 693 and 20713.
77
What is the highest common factor of 804 and 205288?
268
Calculate the greatest common divisor of 909 and 855.
9
What is the greatest common divisor of 1144 and 4488?
88
What is the highest common divisor of 4256 and 9310?
266
What is the highest common factor of 524 and 46243?
131
What is the highest common factor of 149092 and 4?
4
Calculate the greatest common divisor of 19330 and 160.
10
What is the highest common divisor of 3099 and 2690965?
1033
What is the greatest common factor of 53424 and 432?
144
What is the greatest common divisor of 20746 and 77572?
902
What is the greatest common divisor of 2101 and 5731?
11
What is the highest common divisor of 56 and 735413?
7
Calculate the highest common factor of 1680 and 25060.
140
Calculate the highest common factor of 1071759 and 39.
39
What is the greatest common divisor of 2673 and 33048?
243
What is the highest common factor of 197796 and 8586?
318
What is the greatest common factor of 11918 and 6262?
202
Calculate the greatest common factor of 1430124 and 60.
12
What is the highest common factor of 6515 and 45?
5
Calculate the greatest common factor of 1225 and 124460.
245
Calculate the greatest common divisor of 3206 and 70.
14
What is the highest common factor of 38789 and 158?
79
What is the highest common divisor of 9292 and 241868?
92
What is the greatest common factor of 18 and 91914?
6
Calculate the greatest common divisor of 174552 and 210.
42
What is the greatest common divisor of 87 and 5621853?
87
Calculate the greatest common factor of 197 and 1773.
197
What is the greatest common divisor of 3462 and 20976?
6
Calculate the highest common factor of 4515 and 735.
105
What is the highest common divisor of 168 and 479496?
24
Calculate the greatest common factor of 418915 and 315.
35
Calculate the highest common factor of 4505042 and 454.
454
What is the highest common divisor of 1665220 and 13900?
2780
What is the highest common divisor of 1798984 and 88?
88
Calculate the greatest common factor of 1250 and 1134000.
250
What is the highest common factor of 48 and 110484?
12
What is the greatest common factor of 270 and 1081710?
90
What is the highest common factor of 48 and 702222?
6
What is the greatest common factor of 360451 and 74256?
1547
What is the highest common divisor of 8 and 284?
4
Calculate the highest common divisor of 68612 and 68.
68
What is the greatest common divisor of 10 and 68330?
10
What is the greatest common divisor of 640 and 1000?
40
Calculate the highest common divisor of 129104 and 16.
16
Calculate the greatest common divisor of 120 and 1303170.
30
What is the highest common factor of 45540 and 88?
44
What is the highest common factor of 3353 and 2653?
7
Calculate the greatest common factor of 312708 and 103.
103
What is the highest common factor of 244 and 1377746?
122
Calculate the greatest common divisor of 35479 and 119.
17
Calculate the highest common divisor of 288808 and 40.
8
What is the highest common factor of 305 and 2276